2, 5
Suppose 3*c - 2*q - 20 = 0, 0*q - q = -3*c + 16. Suppose 0 = c*h + h - 25. Let r = -1 + h. List the prime factors of r.
2
Let b(h) = -h**3 + h**2 - h + 5. Let f(u) = u**2 - u - 2. Let y be f(2). Let i be b(y). Suppose i*r - 38 = 5*x + 2, -3*x = -r. List the prime factors of r.
2, 3
Suppose 5*w + 97 = -5*p + 502, 0 = -2*w + 2*p + 150. What are the prime factors of w?
2, 3, 13
Let t be 0 + 3 - (-354)/3. Suppose -2*p + p = t. What are the prime factors of p/(-7) + (-2)/7?
17
Let j = -4 + 9. Let s(d) = d**2 - d + 2. Let t be s(j). What are the prime factors of (-136)/(-22) + (-4)/t?
2, 3
Let n = -6 + 8. Suppose o = n*o - 7. List the prime factors of o.
7
Suppose -3*j - u + 30 + 73 = 0, -5*j = -2*u - 190. What are the prime factors of j?
2, 3
Let t(z) = -z**2 - 8*z - 2. Let v be t(-7). Suppose 0 = -v*j + 5 + 40. List the prime factors of j.
3
Suppose -4 - 2 = w. Let y be (w/(-4))/((-9)/(-60)). Suppose 2*f - y = 26. List the prime factors of f.
2, 3
Suppose 18*n - n = 6375. List the prime factors of n.
3, 5
Let g(z) = -z**3 + 4*z**2 - z - 1. Let d be g(2). Suppose -b = -d*b - 4. Let h(y) = 7*y**2 - 1. What are the prime factors of h(b)?
2, 3
Suppose 65 = y + 7. List the prime factors of y.
2, 29
Suppose -24 = -6*a + 2*a. Let v = 16 - a. List the prime factors of v.
2, 5
Suppose -3*m = 2*m - 10. Suppose m = 5*i - 68. What are the prime factors of i?
2, 7
Let d(c) be the first derivative of 2*c**3/3 + 5*c**2 - 2*c - 2. What are the prime factors of d(-7)?
2, 13
Let d be ((-6)/4)/((-9)/60). Let h = d - 6. Suppose x = -4*l + h*x + 36, 14 = -l - 5*x. List the prime factors of l.
2, 3
Let v(j) = 8*j + 4. Let k(w) = 5*w - 5. Let c be k(2). List the prime factors of v(c).
2, 11
Let n(y) = -y**3 - 3*y**2 - 5*y + 28. List the prime factors of n(-7).
7, 37
Suppose 4*t - 1 = 7. Suppose -t*z + 4*z = 5*i + 36, 5*z = -5*i + 55. List the prime factors of z.
13
Let g be 14/4 + (-1)/2. Let l = g - 3. Suppose l = 4*y - 19 - 9. What are the prime factors of y?
7
Let j = 4 - 14. What are the prime factors of (-4)/(-6)*(-315)/j?
3, 7
Suppose -4*x - 297 = 3*z, -4*x + 0*x = -4*z + 332. Let j = 36 + x. Let c = j - -64. List the prime factors of c.
2, 11
Suppose -9 = -3*r + 18. Suppose -16 = 5*b + r. Let g = b + 20. List the prime factors of g.
3, 5
Let t(l) = -10 + 6*l - 1 - 3*l. List the prime factors of t(8).
13
Let h = 6 + -4. Suppose 0 = h*g + g - 21. List the prime factors of g.
7
Suppose -5*r = -r - 48. List the prime factors of r.
2, 3
Let b(s) = -2 + 4 - 6*s**2 - 2*s**3 + 3*s**3 - 2*s**3 - 3*s. What are the prime factors of b(-6)?
2, 5
Let m be (-1)/(-4) + 9/(-4). Suppose 3*y + 24 = 4*h - y, -5*h - 3*y = -22. Let n = m + h. List the prime factors of n.
3
Suppose -3*g + 386 = -5*h, -h - 4 = -0*h. List the prime factors of g.
2, 61
Let u(m) = -m**2 - m + 49. List the prime factors of u(0).
7
Suppose 3*w - 133 = 2*w. What are the prime factors of w/5 + 14/35?
3
Let y(r) = 3*r - 1. Let i(f) = f**3 + 6*f**2 + f + 13. Let c be i(-6). List the prime factors of y(c).
2, 5
Let u(y) = y**2 + y - 2. Let b be u(-3). Let s(t) = t**2 + 3*t - 6. Let d be s(b). Let g = d + -13. What are the prime factors of g?
3
Let p = -140 + 206. Suppose 48 = 4*w - 4*m, -4*w + 0*m = 2*m - p. Suppose 4*v + v = w. What are the prime factors of v?
3
Let a(h) = h**2 - h + 4. Let f be a(0). Let p(u) = -u**2 + 4*u + 1. Let i be p(f). List the prime factors of 18/(i + 1 + 0).
3
Suppose g - 10 = -4*g. Suppose 9*w + 104 = 4*w - g*q, -2*q = -6. What are the prime factors of 4/w - 112/(-11)?
2, 5
Let w = -2 + 5. Let q = 67 + -56. Suppose w = j - q. What are the prime factors of j?
2, 7
Let x(s) = 12*s. Let p be x(1). Suppose -p - 21 = -r. Let d = -15 + r. List the prime factors of d.
2, 3
Let i(z) = 31*z - 3. List the prime factors of i(3).
2, 3, 5
Suppose 0 = 4*h + 3*y + 21, -2*h - 28 = y - 3*y. Let j = h + 5. What are the prime factors of j/18 + 224/36?
2, 3
Let r = 309 + -39. What are the prime factors of r?
2, 3, 5
Let y = -5 + 9. Suppose -2*v + v - y = 4*i, 2*v + 4*i = 0. Suppose -v*z = 17 - 57. List the prime factors of z.
2, 5
Suppose -6*d + 3*x + 615 = -2*d, -445 = -3*d - x. Suppose p = -0*p - d. What are the prime factors of p/(-14) - (-4)/14?
11
Let m(i) = i**2 + i - 1. Let b be m(-2). Let j = b - -3. What are the prime factors of j?
2
Let c = -14 - -12. List the prime factors of (-4 + c)/(2/(-3)).
3
Suppose 0 = 6*w - 2*w + 8. Let y = 0 - w. Suppose 4*s = y*s + 18. What are the prime factors of s?
3
Suppose 3*b - 5*w + 2*w = 993, 4*w - 680 = -2*b. What are the prime factors of b?
2, 167
Let i be 1/(-4) + (-77)/(-4). Suppose -l - 3*l = 5*j + 1, -5*j + l = -i. List the prime factors of j.
3
Let y = 61 - 87. Let n = 36 + y. What are the prime factors of n?
2, 5
Suppose -255 = -b - 4*b. Let c = b + -22. What are the prime factors of c?
29
Let k be 328/11 - 6/(-33). Suppose -4*p + k = -p. List the prime factors of p.
2, 5
Let n(x) = -x**3 + x - 2. Let h be n(-2). What are the prime factors of (0 - 2/h)*-6?
3
Let l = 2 - 2. Suppose l = v + 3*v - 16. List the prime factors of (v - (2 - 2)) + -1.
3
Suppose -x - x = -10. Suppose 0 = -u + 4, 0 = 4*s - 3*s - 2*u - x. What are the prime factors of s?
13
Suppose -6 = 2*j, -2*q - 5*j = -q - 51. What are the prime factors of q?
2, 3, 11
Let j = 42 + 164. List the prime factors of j.
2, 103
Suppose 5*p - 4*n - 96 = 0, 3*p - n = -2*p + 99. List the prime factors of p.
2, 5
Let s(c) = 7*c**3 + 1 - c**2 + 9*c**3 - 3*c**3 + 4*c**3. List the prime factors of s(1).
17
Suppose -4*n + 4*t - 12 = 0, 1 - 7 = -2*n - t. Suppose -l - n + 0 = 0. What are the prime factors of (-1)/(-2)*l*-22?
11
Suppose 5*c + 4*w + 30 = 181, 4*c - 128 = -5*w. List the prime factors of c.
3
Let d(v) = -v**3 - v**3 + v + 0*v. Let s be d(1). What are the prime factors of (-2)/(-1) - 7/s?
3
Let p = 104 + -160. Let h = -29 - p. What are the prime factors of h?
3
Let c(l) = l**3 + 11*l**2 + 10*l + 8. Let a(w) = -w - 5. Let q be a(5). Let s be c(q). Suppose d = -3*d + s. What are the prime factors of d?
2
Let r = 15 + -9. Let s(f) = -6*f + 11. Let m(c) = -c + 1. Let p(q) = 4*m(q) - s(q). List the prime factors of p(r).
5
Let u = -18 - -10. Let k be (12/u)/(1/(-2)). Suppose 0 = 4*i - k*i - 2. List the prime factors of i.
2
Let w(t) = 3*t**2 - t + 1. Let g be w(-2). Suppose g + 54 = 3*j. List the prime factors of j.
23
Let y(s) = -s**3 - 7*s**2 - 5*s + 5. Let u be y(-6). Suppose m - 5 = z, 0*z + 5*m - 25 = -z. List the prime factors of -1 - 7*(u + z).
2, 3
Suppose 20 = 5*k, -3*k - 364 = -2*b - 0*k. List the prime factors of b.
2, 47
Let t = 0 - -5. Suppose t*b - 42 = -2. List the prime factors of b.
2
Let z = 14 + -10. Suppose -3*f - 4*v + 33 = 0, -5*f = z*v + 24 - 79. List the prime factors of f.
11
What are the prime factors of 1/(0 - 2)*(0 + -144)?
2, 3
List the prime factors of 259/5 + 4/(-5).
3, 17
List the prime factors of ((185/4)/1)/(54/216).
5, 37
Let q(b) = 0*b + 2*b - 4 - 2. Let l be q(7). List the prime factors of 2/(-8) - (-90)/l.
11
Let u = -65 + 188. List the prime factors of u.
3, 41
List the prime factors of (-8)/10 + 1 + (-258)/(-10).
2, 13
Let i(c) = 9*c**2 - 2*c - 1. What are the prime factors of i(-2)?
3, 13
Suppose 0*l = -4*l + 304. Suppose v - l = -3*v. Suppose -2*a - m = -v, 3*a = -0*a + m + 31. List the prime factors of a.
2, 5
Suppose -b + 20 = b. Let g = 14 - 19. Let j = b + g. What are the prime factors of j?
5
Let r = -84 - -149. Let m = -41 + r. List the prime factors of m.
2, 3
Let d be 272/5 + 6/(-15). List the prime factors of d/(3/1)*1.
2, 3
Suppose 3*z + r - 4*r - 114 = 0, 2*z - 4*r = 70. List the prime factors of z.
41
Let p(o) = -o - 1. Let k(w) = 2*w**2 - 17*w + 3. Let g(q) = k(q) - 6*p(q). What are the prime factors of g(7)?
2, 3, 5
Let t(c) = 12*c + 1. Let l be t(3). Let p = -22 + l. Suppose 15 + 35 = 3*z - w, -3*w - p = 0. What are the prime factors of z?
3, 5
Suppose 2*h + 3*h + 20 = 0. Let p be h/(-26) - 460/(-52). Suppose -6*u - 15 = -p*u. List the prime factors of u.
5
Let r(w) = w**3 + 6*w**2 - 6*w - 9. Suppose s = -8 + 1. Let u be r(s). Let q = -5 - u. List the prime factors of q.
11
Suppose -8 = -2*p + 4*p + 2*o, -5*o = 4*p + 12. Let k = p + 18. What are the prime factors of k?
2, 5
Suppose 0 = 5*f + 10 + 5. What are the prime factors of 24 + -2 